{"id":261,"date":"2015-09-01T16:39:30","date_gmt":"2015-09-01T15:39:30","guid":{"rendered":"http:\/\/www.ceadesign.nl\/WPnieuw\/?page_id=261"},"modified":"2019-01-27T13:57:29","modified_gmt":"2019-01-27T12:57:29","slug":"home","status":"publish","type":"page","link":"https:\/\/www.ceadesign.nl\/?page_id=261","title":{"rendered":"Dans en Aurore"},"content":{"rendered":"<div id=\"pl-261\"  class=\"panel-layout\" ><div id=\"pg-261-0\"  class=\"panel-grid panel-no-style\" ><div id=\"pgc-261-0-0\"  class=\"panel-grid-cell\" ><div id=\"panel-261-0-0-0\" class=\"so-panel widget widget_black-studio-tinymce widget_black_studio_tinymce panel-first-child panel-last-child\" data-index=\"0\" ><h3 class=\"widget-title\">Welkom op de deze pagina van Cea Maat \u2022 bekijk meer werk op recent of archief!<\/h3><div class=\"textwidget\"><\/div><\/div><\/div><\/div><div id=\"pg-261-1\"  class=\"panel-grid panel-no-style\" ><div id=\"pgc-261-1-0\"  class=\"panel-grid-cell\" ><div id=\"panel-261-1-0-0\" class=\"so-panel widget widget_black-studio-tinymce widget_black_studio_tinymce panel-first-child panel-last-child\" data-index=\"1\" ><h3 class=\"widget-title\">Dans 1<\/h3><div class=\"textwidget\"><p><a href=\"https:\/\/www.ceadesign.nl\/WPnieuw\/wp-content\/uploads\/2015\/09\/dans-1.-IMG_5593.jpg\"><img loading=\"lazy\" decoding=\"async\" class=\"alignleft size-full wp-image-1508\" src=\"http:\/\/www.ceadesign.nl\/WPnieuw\/wp-content\/uploads\/2015\/09\/dans-1.-IMG_5593.jpg\" alt=\"dans gemengde techniek\" width=\"300\" height=\"300\" srcset=\"https:\/\/www.ceadesign.nl\/WPnieuw\/wp-content\/uploads\/2015\/09\/dans-1.-IMG_5593.jpg 300w, https:\/\/www.ceadesign.nl\/WPnieuw\/wp-content\/uploads\/2015\/09\/dans-1.-IMG_5593-150x150.jpg 150w\" sizes=\"auto, (max-width: 300px) 100vw, 300px\" \/><\/a><\/p>\n<\/div><\/div><\/div><div id=\"pgc-261-1-1\"  class=\"panel-grid-cell\" ><div id=\"panel-261-1-1-0\" class=\"so-panel widget widget_black-studio-tinymce widget_black_studio_tinymce panel-first-child panel-last-child\" data-index=\"2\" ><h3 class=\"widget-title\">Dans 2<\/h3><div class=\"textwidget\"><p><a href=\"https:\/\/www.ceadesign.nl\/WPnieuw\/wp-content\/uploads\/2015\/09\/dans-2.-IMG_5597.jpg\"><img loading=\"lazy\" decoding=\"async\" class=\"alignleft size-full wp-image-1509\" src=\"http:\/\/www.ceadesign.nl\/WPnieuw\/wp-content\/uploads\/2015\/09\/dans-2.-IMG_5597.jpg\" alt=\"dans 2 gemengde techniek\" width=\"300\" height=\"300\" srcset=\"https:\/\/www.ceadesign.nl\/WPnieuw\/wp-content\/uploads\/2015\/09\/dans-2.-IMG_5597.jpg 300w, https:\/\/www.ceadesign.nl\/WPnieuw\/wp-content\/uploads\/2015\/09\/dans-2.-IMG_5597-150x150.jpg 150w\" sizes=\"auto, (max-width: 300px) 100vw, 300px\" \/><\/a><\/p>\n<\/div><\/div><\/div><div id=\"pgc-261-1-2\"  class=\"panel-grid-cell\" ><div id=\"panel-261-1-2-0\" class=\"so-panel widget widget_black-studio-tinymce widget_black_studio_tinymce panel-first-child panel-last-child\" data-index=\"3\" ><h3 class=\"widget-title\">Dans 3<\/h3><div class=\"textwidget\"><p><a href=\"https:\/\/www.ceadesign.nl\/WPnieuw\/wp-content\/uploads\/2015\/09\/dans-3.-IMG_5599.jpg\"><img loading=\"lazy\" decoding=\"async\" class=\"alignleft size-full wp-image-1510\" src=\"http:\/\/www.ceadesign.nl\/WPnieuw\/wp-content\/uploads\/2015\/09\/dans-3.-IMG_5599.jpg\" alt=\"dans 3 gemengde techniek\" width=\"300\" height=\"300\" srcset=\"https:\/\/www.ceadesign.nl\/WPnieuw\/wp-content\/uploads\/2015\/09\/dans-3.-IMG_5599.jpg 300w, https:\/\/www.ceadesign.nl\/WPnieuw\/wp-content\/uploads\/2015\/09\/dans-3.-IMG_5599-150x150.jpg 150w\" sizes=\"auto, (max-width: 300px) 100vw, 300px\" \/><\/a><\/p>\n<\/div><\/div><\/div><\/div><div id=\"pg-261-2\"  class=\"panel-grid panel-no-style\" ><div id=\"pgc-261-2-0\"  class=\"panel-grid-cell\" ><div id=\"panel-261-2-0-0\" class=\"so-panel widget widget_black-studio-tinymce widget_black_studio_tinymce panel-first-child panel-last-child\" data-index=\"4\" ><h3 class=\"widget-title\">&#8216;Aurore&#8217; ge\u00efnspireerd door gedicht van H\u00e9l\u00e8ne Courrier. zie hieronder<\/h3><div class=\"textwidget\"><p><a href=\"http:\/\/www.ceadesign.nl\/WPnieuw\/wp-content\/uploads\/2015\/09\/2017-aurora-.jpg\"><img loading=\"lazy\" decoding=\"async\" class=\"alignleft size-full wp-image-1546\" src=\"http:\/\/www.ceadesign.nl\/WPnieuw\/wp-content\/uploads\/2015\/09\/2017-aurora-.jpg\" alt=\"Aurora dageraad Cea Maat en H\u00e9l\u00e8ne Courrier\" width=\"1000\" height=\"603\" srcset=\"https:\/\/www.ceadesign.nl\/WPnieuw\/wp-content\/uploads\/2015\/09\/2017-aurora-.jpg 1000w, https:\/\/www.ceadesign.nl\/WPnieuw\/wp-content\/uploads\/2015\/09\/2017-aurora--300x181.jpg 300w, https:\/\/www.ceadesign.nl\/WPnieuw\/wp-content\/uploads\/2015\/09\/2017-aurora--768x463.jpg 768w, https:\/\/www.ceadesign.nl\/WPnieuw\/wp-content\/uploads\/2015\/09\/2017-aurora--498x300.jpg 498w\" sizes=\"auto, (max-width: 1000px) 100vw, 1000px\" \/><\/a><\/p>\n<\/div><\/div><\/div><\/div><div id=\"pg-261-3\"  class=\"panel-grid panel-no-style\" ><div id=\"pgc-261-3-0\"  class=\"panel-grid-cell\" ><div id=\"panel-261-3-0-0\" class=\"so-panel widget widget_black-studio-tinymce widget_black_studio_tinymce panel-first-child panel-last-child\" data-index=\"5\" ><h3 class=\"widget-title\">Gedicht Aurore van H\u00e9l\u00e8ne Courrier<\/h3><div class=\"textwidget\"><p><strong>Aurore<\/strong><\/p>\n<p>Et si c'\u00e9tait la derni\u00e8re fois que je devais voir l'aurore<br \/>L'aurore jouant derri\u00e8re la colline,<br \/>sa robe d\u00e9coup\u00e9e par le roc.<br \/>Je cueillerais la ros\u00e9e<br \/>et sentirais le dernier feu de la Saint Jean \u00e0 la clart\u00e9 naissante.<br \/>Je marcherais et la terre r\u00e9sonnerait en moi tel un coeur qui bat.<br \/>Et si c'\u00e9tait . . .<br \/>Et si c'\u00e9tait: la premi\u00e8re fois.<\/p>\n<\/div><\/div><\/div><\/div><div id=\"pg-261-4\"  class=\"panel-grid panel-no-style\" ><div id=\"pgc-261-4-0\"  class=\"panel-grid-cell\" ><div id=\"panel-261-4-0-0\" class=\"so-panel widget widget_black-studio-tinymce widget_black_studio_tinymce panel-first-child panel-last-child\" data-index=\"6\" ><h3 class=\"widget-title\">Gedicht Aurore van H\u00e9l\u00e8ne Courrier<\/h3><div class=\"textwidget\"><p><strong>Dageraad<\/strong><\/p>\n<p>Wat als het de laatste keer zou zijn dat ik de dageraad mocht zien.<\/p>\n<p>De dageraad, spelend achter de heuvels, haar rose japon uitgesneden langs de rots.<br \/>\nDan zou ik dauw plukken en het laatste Sint Jansvuur voelen bij het dagende morgenlicht.<br \/>\nDan zou ik voortgaan en in mij zou het kloppend hart van de aarde klinken <\/p>\n<p>Als dat zo zou zijn, het zou zijn ... als voor het eerst.<\/p>\n<\/div><\/div><\/div><\/div><\/div>","protected":false},"excerpt":{"rendered":"<p>Welkom op de deze pagina van Cea Maat \u2022 bekijk meer werk op recent of archief!Dans 1 Dans 2 Dans 3 &#8216;Aurore&#8217; ge\u00efnspireerd door gedicht van H\u00e9l\u00e8ne Courrier. zie hieronder Gedicht Aurore van H\u00e9l\u00e8ne CourrierAurore Et si c&#8217;\u00e9tait la derni\u00e8re &hellip; <a href=\"https:\/\/www.ceadesign.nl\/?page_id=261\">Lees verder <span class=\"meta-nav\">&rarr;<\/span><\/a><\/p>\n","protected":false},"author":1,"featured_media":0,"parent":0,"menu_order":0,"comment_status":"closed","ping_status":"closed","template":"","meta":{"_crdt_document":"","footnotes":""},"class_list":["post-261","page","type-page","status-publish","hentry"],"_links":{"self":[{"href":"https:\/\/www.ceadesign.nl\/index.php?rest_route=\/wp\/v2\/pages\/261","targetHints":{"allow":["GET"]}}],"collection":[{"href":"https:\/\/www.ceadesign.nl\/index.php?rest_route=\/wp\/v2\/pages"}],"about":[{"href":"https:\/\/www.ceadesign.nl\/index.php?rest_route=\/wp\/v2\/types\/page"}],"author":[{"embeddable":true,"href":"https:\/\/www.ceadesign.nl\/index.php?rest_route=\/wp\/v2\/users\/1"}],"replies":[{"embeddable":true,"href":"https:\/\/www.ceadesign.nl\/index.php?rest_route=%2Fwp%2Fv2%2Fcomments&post=261"}],"version-history":[{"count":110,"href":"https:\/\/www.ceadesign.nl\/index.php?rest_route=\/wp\/v2\/pages\/261\/revisions"}],"predecessor-version":[{"id":1894,"href":"https:\/\/www.ceadesign.nl\/index.php?rest_route=\/wp\/v2\/pages\/261\/revisions\/1894"}],"wp:attachment":[{"href":"https:\/\/www.ceadesign.nl\/index.php?rest_route=%2Fwp%2Fv2%2Fmedia&parent=261"}],"curies":[{"name":"wp","href":"https:\/\/api.w.org\/{rel}","templated":true}]}}